44 + 61800. What is the greatest common divisor of 28 and y?
28
Let b be (-1996)/(-6)*(470/(-188) - 34/(-4)). Calculate the highest common divisor of b and 16.
4
Suppose 22379 = 32*d + 7659. Calculate the greatest common divisor of d and 184.
92
Let q(h) = -66*h - 249. Let g be q(-13). Suppose -129 = 16*j - g. What is the highest common divisor of j and 165?
15
Let k(d) = 9*d + 672. Let z be k(-52). What is the greatest common divisor of z and 833?
17
Let d be ((-5)/(-10) - 2)*(-4164)/9. Let q = d - 676. Suppose 23 = -3*m + 77. Calculate the greatest common factor of q and m.
18
Let f be 2/(4 + 42/(-12)). Suppose 2*w + 1614 = f*l, 3*w + 2 = 11. What is the highest common divisor of 45 and l?
45
Suppose -155 = 7*n - 12*n. Suppose 27*l - 56 = n*l. Let j be (-88)/l + (0 - 10/35). Calculate the highest common factor of 30 and j.
6
Let p be 2/((-32)/50) + 2/16. Let v be 91*(p - (-23)/7). Let h = v - -30. Calculate the highest common factor of 14 and h.
14
Suppose -w + 58 + 20 = 0. Let f(t) = 3*t**3 + 49*t**2 + 8*t - 50. Let b be f(-16). What is the greatest common divisor of w and b?
78
Suppose -20*s = -8*s - 3096. Suppose -36 - s = -7*u. What is the greatest common factor of u and 54?
6
Let g(r) = 42*r + 2162. Let l be g(29). What is the highest common divisor of 15 and l?
5
Suppose -20*j - 5*r = -24*j + 8429, -5*j + 5*r + 10535 = 0. Suppose p + 2565 = 5*a, -3*a + j = 2*p + 567. Calculate the greatest common factor of 19 and a.
19
Let h be ((-748)/(-204))/((-22)/(-36)). What is the highest common factor of h and 933?
3
Suppose 5*b - 270 = 2*b. Suppose -33 = -10*j + 57. Suppose 6*v - b = -j*v. Calculate the highest common factor of 12 and v.
6
Let l(j) = 18*j - 67. Let o be l(14). Let p = -157 + o. Calculate the greatest common factor of 70 and p.
14
Suppose 11005 = -34*m - 43*m + 627005. What is the highest common factor of m and 600?
200
Let s be -18*(4/2)/(-4). Let h(g) = -7*g - 36. Let f be (-128)/28*2 - (-6)/42. Let k be h(f). What is the highest common divisor of k and s?
9
Let q(h) = 2*h**3 + 131*h**2 + 194*h + 145. Let p be q(-64). Let b be ((-12)/(-2))/((-6)/(-68) + 0). What is the greatest common factor of b and p?
17
Let q = 367 + -162. Let d be ((-205)/(5 + -10))/1. Calculate the highest common factor of q and d.
41
Suppose -6*m + 110 = -m. Let l be 4/(-30) - (-14868)/135. Calculate the highest common divisor of l and m.
22
Let i(x) = x**2 - 25*x + 193. Let k be i(7). What is the greatest common factor of 2 and k?
1
Let z = 98 + 454. Calculate the highest common divisor of z and 207.
69
Suppose 1443 = 7*u - 356. Suppose 13 = -u*n + 256*n. Let y(f) = -f**3 - 13*f**2 - 4*f + 13. Let x be y(n). What is the greatest common divisor of 26 and x?
13
Let x = 11905 + -16990. Let n be (-3)/(-4) + x/60. Let r = 126 + n. What is the greatest common divisor of 6 and r?
6
Suppose -4*w = -4*m - 2*w + 186, -5*w = -5*m + 240. Let v(q) = 78*q - 753. Let o be v(10). What is the highest common divisor of m and o?
9
Let b be (405/270)/((-3)/(-704)). Calculate the highest common factor of b and 11.
11
Suppose l - 3*p - 18 = 0, 16 = -226*l + 230*l + 2*p. What is the highest common factor of 3222 and l?
6
Suppose 0 = 4*u + 4*a - 9*a - 82, 42 = 2*u - 3*a. Let g(n) = -n + 10. Let o be g(-3). Suppose 0 = -4*r - 5 + o. Calculate the highest common factor of r and u.
2
Suppose -42*j = -40*j. Suppose -2*q + 488 = -3*x, 3*x + 12 + 0 = j. Calculate the greatest common factor of q and 51.
17
Let p = 6256 + -6022. Calculate the greatest common factor of 182 and p.
26
Suppose 0 = -3*i - 2*i + 3*f + 1065, 3*i - 5*f - 623 = 0. Calculate the greatest common divisor of i and 792.
72
Let h(x) = -x**3 - 50*x**2 + 66*x - 694. Let q be h(-53). Calculate the highest common factor of 121 and q.
121
Let h = -84 + 84. Suppose h = -8*d + 130 + 70. Calculate the highest common factor of d and 25.
25
Let z = 44 - 27. Let t = 23 - z. Let u be 8 - t - (1 + -18). What is the greatest common divisor of 95 and u?
19
Let l be 38 + -35 + 13876*(3/4)/3. Calculate the greatest common divisor of l and 1456.
112
Suppose 48*m + 135927 - 1466627 = -2*m. What is the highest common factor of m and 14?
14
Suppose -5*m = v - 357, 6*v = 3*m + 2*v - 182. Let z = 232 - 127. Calculate the highest common divisor of z and m.
35
Suppose 72 - 78 = -m, 5*m = r - 81. Let c = 170 + 15. Calculate the highest common divisor of c and r.
37
Let d(s) = 3*s**3 + 7*s**2 - 5*s + 5. Let b = -778 - -780. Let l be d(b). Let i be (0 + 94)/(3/6). What is the greatest common divisor of l and i?
47
Let u(p) = p**3 - 13*p**2 - 3*p - 9. Let g be u(15). Let y(l) = l**3 - 5*l**2 + 2*l + 26. Let s be y(5). What is the greatest common factor of s and g?
36
Suppose 0 = 18*g - 14*g - 20. Suppose -22*h + 2*c = -21*h - 30, -168 = -g*h + c. Calculate the highest common divisor of h and 51.
17
Let u = 61714 + -31860. Calculate the greatest common factor of u and 44.
22
Suppose 43379 = 45*y - 12466. Calculate the highest common factor of 34 and y.
17
Let n = 8987 + -8979. Calculate the greatest common factor of n and 1000.
8
Let y(n) = 2*n + 63. Let f be y(-30). Suppose -h = -0*h - f*h. Suppose -4*a - 48 + 140 = h. Calculate the greatest common divisor of a and 184.
23
Suppose 4*m + 4*j + 32 = 0, -j + 6 + 4 = -2*m. Let r be (-40)/m*57/(-19). Let o = 1 - r. Calculate the highest common divisor of 3 and o.
3
Let g = -375 - -708. Let c = -61 + g. Calculate the highest common divisor of 34 and c.
34
Let x be (-3)/(-1)*(-8)/18*-219. What is the greatest common factor of x and 4?
4
Let x(t) = -2*t**3 - 209*t**2 - 106*t - 160. Let v be x(-104). What is the greatest common factor of 1812 and v?
12
Suppose 0 = -j + 3*j - h - 147, 0 = -j + h + 75. Let l be -1*6*-2*(7 - 5). Let i be (-2 + 0)/(l/(-108)). What is the greatest common factor of i and j?
9
Let w(q) = -241*q - 4868. Let c be w(-32). What is the greatest common factor of c and 72?
36
Let o be ((-270)/35)/(9/(-42)). Suppose -188 + 28 = 8*r. Let b = 110 + r. What is the greatest common factor of o and b?
18
Suppose -9*t + 14*t - 700 = -4*r, r = 0. Calculate the highest common factor of t and 350.
70
Let q = -17580 - -17597. Let o be 17*(-1 - -3*3). What is the highest common factor of o and q?
17
Let m(j) = -j**3 - j**2 - j - 1. Let o be m(-2). Suppose 72 = o*k + k. Let x = k - 0. What is the greatest common divisor of x and 108?
12
Suppose -6*n + 12 = -2*n. Let w be 26 + -24 + n/(6/(-4)). Suppose y + 4*y - 120 = w. What is the greatest common divisor of 16 and y?
8
Let t(f) = -f**3 + 134*f**2 - 396*f + 405. Let a be t(131). Calculate the greatest common factor of 1228 and a.
4
Suppose -4*p = 5*j + 13, 0 = p + 2*j - 0*j + 7. Suppose 2*m - 7 = p. Suppose 3 = m*v - 12. What is the greatest common divisor of v and 24?
3
Let v(b) = 4*b**3 - b**2 - b + 2. Let i be v(2). Let m be 6/8 + 12/(-16). Let k be 0 + m - (-4 + 4 - 308). Calculate the highest common divisor of k and i.
28
Suppose 11*n - 15*n + 136 = 0. Let a = 124 - n. Let z be ((-6)/(-4))/(2 + (-177)/a). What is the highest common factor of z and 45?
45
Let t be (-44)/3*(-11 + -1). Let f be ((-455)/260 + 10)/((-1)/(-4)). What is the highest common divisor of f and t?
11
Suppose 0*q = q + 2*j + 49, 5*q + j + 227 = 0. Let v = 93 + q. Let p(k) = 67*k - 396. Let y be p(6). Calculate the highest common divisor of v and y.
6
Suppose 0 = 4*l - 8*l. Suppose l = -s - s + 756. Suppose -50*z = -49*z - 42. What is the greatest common divisor of z and s?
42
Let z(r) = r**2 + 134*r + 1430. Let a be z(-11). Calculate the greatest common divisor of a and 2681.
7
Let z be ((-14)/21)/((-6)/639). Suppose 0 = -12*a + z + 1. What is the highest common factor of a and 8?
2
Let z be 2*(120 - (-6 + 4)). Calculate the highest common divisor of z and 8.
4
Suppose -q - 6 = -3*q. Suppose 5*p - q*o - 69 = 0, 3*p + 2*o = -2*p + 54. Suppose p = 2*v - 12. Calculate the greatest common factor of v and 6.
6
Suppose -b - 25 = -4*q + 2*b, 0 = 2*q - 3*b - 17. Suppose -122 = -n - n - o, -q*n = -5*o - 230. Calculate the highest common factor of n and 80.
20
Suppose -309*m - 123 = -312*m. Suppose -c = -5*g - 64, 161 - m = 3*c + 3*g. What is the highest common factor of 110 and c?
22
Let y be -108*((-9)/((-27)/(-5)) - -1). What is the greatest common factor of y and 162?
18
Le